{"id":19,"date":"2016-07-05T20:58:39","date_gmt":"2016-07-05T18:58:39","guid":{"rendered":"http:\/\/www.ensemble-romantica.net\/?page_id=19"},"modified":"2018-04-13T19:31:49","modified_gmt":"2018-04-13T17:31:49","slug":"notre-histoire","status":"publish","type":"page","link":"https:\/\/www.ensemble-romantica.net\/?page_id=19","title":{"rendered":"Notre histoire"},"content":{"rendered":"<p>L\u2019Ensemble Vocal Romantica de Torcy a \u00e9t\u00e9 fond\u00e9 par Annie Savignol en 1982. C\u2019est au conservatoire de Toulouse qu\u2019elle fait ses \u00e9tudes musicales. Passionn\u00e9e de chant lyrique, elle sera elle-m\u00eame chanteuse \u00e0 l\u2019Op\u00e9ra de Lille et exercera ce m\u00e9tier durant dix ann\u00e9es.<\/p>\n<p>Elle se dirige ensuite sur l\u2019enseignement et entre \u00e0 l\u2019Ecole agr\u00e9\u00e9e de Musique et de Danse de Torcy o\u00f9, parall\u00e8lement \u00e0 l\u2019enseignement du piano et de la formation musicale des jeunes \u00e9l\u00e8ves, elle cr\u00e9e une chorale qui prendra le nom\u00a0:\u00a0\u00bbEnsemble Vocal Romantica\u00a0\u00bb.<\/p>\n<p>Sous sa baguette et avec la fid\u00e8le complicit\u00e9 de Chantal Riou au piano,(premier prix de piano au CNSM de Paris, Grand Prix au concours Marguerite Long-Jacques Thibaud)le choeur va se produire r\u00e9guli\u00e8rement en concert avec un r\u00e9pertoire classique vari\u00e9 de choeurs d\u2019Op\u00e9ra, le Cantique de Jean Racine et le Requiem de Faur\u00e9, la Missa brevis (KV 194) de Mozart, la petite messe solenelle de Rossini, et des op\u00e9rettes\u00a0: V\u00e9ronique, La Belle H\u00e9l\u00e8ne et La Vie Parisienne.<\/p>\n<p>En septembre 2006 elle confie la direction \u00e0 John Dawkins qui prend le relais pour une nouvelle aventure.<\/p>\n<p>Sous sa baguette et avec le concours de M\u00e9lo\u2019Men et du Rainbow Symphony Orchestra le choeur ex\u00e9cute le Psalmus Hungaricus de Zoltan Kodaly \u00e0 l\u2019oratoire du Louvre \u00e0 Paris et \u00e0 l\u2019espace Lino Ventura de Torcy en juin 2007.<\/p>\n<p>En septembre 2015 Sylvain Lamesch nous rejoint pour prendre la direction du choeur.<\/p>\n<p><strong>Sylvain LAMESCH, notre chef de ch\u0153ur depuis septembre 2015 :<br \/>\n<\/strong><\/p>\n<p><img loading=\"lazy\" decoding=\"async\" class=\"size-medium wp-image-967 alignleft\" src=\"http:\/\/www.ensemble-romantica.net\/wp-content\/uploads\/2017\/11\/Sylvain-Lamesh-254x300.jpg\" alt=\"\" width=\"254\" height=\"300\" srcset=\"https:\/\/www.ensemble-romantica.net\/wp-content\/uploads\/2017\/11\/Sylvain-Lamesh-254x300.jpg 254w, https:\/\/www.ensemble-romantica.net\/wp-content\/uploads\/2017\/11\/Sylvain-Lamesh.jpg 426w\" sizes=\"auto, (max-width: 254px) 100vw, 254px\" \/><\/p>\n<p>Sylvain d\u00e9bute ses \u00e9tudes musicales d\u00e8s l\u2019\u00e2ge de cinq ans et obtient son dipl\u00f4me de fin d\u2019\u00e9tudes de guitare en 1997(classe de Jean Pierre Billet, conservatoire de Clermont Ferrand\u00a0). Parall\u00e8lement il chante \u00e0 la maitrise de la ville et effectue de nombreuses tourn\u00e9es en Europe.<\/p>\n<p>Il s\u2019oriente d\u2019abord vers des \u00e9tudes scientifiques et soutient une th\u00e8se de doctorat sur l\u2019acoustique de la voix (Laboratoire d\u2019Acoustique Musicale, Univ. Paris 6).<\/p>\n<p>C\u2019est en 2009 qu\u2019il entreprend des \u00e9tudes de chant lyrique, avec\u00a0 Robert Expert. Il obtient son Dipl\u00f4me d\u2019\u00e9tudes musicales dans la classe de Delphine Collot, et se perfectionne actuellement aupr\u00e8s de Caroline F\u00e8vre.<\/p>\n<p>Il est soliste dans plusieurs cantates de Bach dans la <em>Passion selon St Mathieu<\/em> (t\u00e9nor 2) et dans la Cr\u00e9ation de Haydn. En 2013, il donne le <em>Voyage d\u2019Hiver<\/em> (Schubert) accompagn\u00e9 par Jean-Marc Pont Marchesi. Depuis 2009, il collabore avec l\u2019abbaye de Sylvan\u00e8s pour chanter des oratorios liturgiques d\u2019Andr\u00e9 Gouzes. Sur sc\u00e8ne, il a notamment jou\u00e9 le r\u00f4le du conseiller dans <em>San Giovanni Battista<\/em> (Stradella), de Torquemada dans <em>l\u2019Heure Espagnole<\/em> (Ravel), de Pyrrhus dans <em>Andromaque<\/em> (Gretry) ainsi que du Prince H\u00e9risson de Porc-Epic dans <em>l\u2019Etoile<\/em> (Chabrier). En 2018, il chantera Tybalt dans Rom\u00e9o et Juliette (Gounod).<\/p>\n<p>Depuis son jeune \u00e2ge Sylvain m\u00e8ne \u00e9galement une importante carri\u00e8re de choriste sous la direction de\u00a0 \u00a0Jean-Philippe Sarcos , L\u00e9o Warynski, Ariel Alonso ,J\u00e9r\u00f4me Polack mais aussi Jean Sourisse, Lionel Sow, Ton Koopman.<\/p>\n<p>En 2016, il obtient son dipl\u00f4me de direction de ch\u0153ur dans la classe d\u2019Ariel Alonso, avec les f\u00e9licitations du jury.<\/p>\n<p>&nbsp;<\/p>\n","protected":false},"excerpt":{"rendered":"<p>L\u2019Ensemble Vocal Romantica de Torcy a \u00e9t\u00e9 fond\u00e9 par Annie Savignol en 1982. C\u2019est au conservatoire de Toulouse qu\u2019elle fait ses \u00e9tudes musicales. Passionn\u00e9e de chant lyrique, elle sera elle-m\u00eame chanteuse \u00e0 l\u2019Op\u00e9ra de Lille et exercera ce m\u00e9tier durant&hellip; <br \/><a class=\"read-more-button\" href=\"https:\/\/www.ensemble-romantica.net\/?page_id=19\">Savoir plus<\/a><\/p>\n","protected":false},"author":1,"featured_media":0,"parent":0,"menu_order":0,"comment_status":"closed","ping_status":"closed","template":"","meta":{"footnotes":""},"class_list":["post-19","page","type-page","status-publish","hentry"],"_links":{"self":[{"href":"https:\/\/www.ensemble-romantica.net\/index.php?rest_route=\/wp\/v2\/pages\/19","targetHints":{"allow":["GET"]}}],"collection":[{"href":"https:\/\/www.ensemble-romantica.net\/index.php?rest_route=\/wp\/v2\/pages"}],"about":[{"href":"https:\/\/www.ensemble-romantica.net\/index.php?rest_route=\/wp\/v2\/types\/page"}],"author":[{"embeddable":true,"href":"https:\/\/www.ensemble-romantica.net\/index.php?rest_route=\/wp\/v2\/users\/1"}],"replies":[{"embeddable":true,"href":"https:\/\/www.ensemble-romantica.net\/index.php?rest_route=%2Fwp%2Fv2%2Fcomments&post=19"}],"version-history":[{"count":3,"href":"https:\/\/www.ensemble-romantica.net\/index.php?rest_route=\/wp\/v2\/pages\/19\/revisions"}],"predecessor-version":[{"id":1274,"href":"https:\/\/www.ensemble-romantica.net\/index.php?rest_route=\/wp\/v2\/pages\/19\/revisions\/1274"}],"wp:attachment":[{"href":"https:\/\/www.ensemble-romantica.net\/index.php?rest_route=%2Fwp%2Fv2%2Fmedia&parent=19"}],"curies":[{"name":"wp","href":"https:\/\/api.w.org\/{rel}","templated":true}]}}

<p>L’Ensemble Vocal Romantica de Torcy a été fondé par Annie Savignol en 1982. C’est au conservatoire de Toulouse qu’elle fait ses études musicales. Passionnée de chant lyrique, elle sera elle-même chanteuse à l’Opéra de Lille et exercera ce métier durant dix années.</p>
<p>Elle se dirige ensuite sur l’enseignement et entre à l’Ecole agréée de Musique et de Danse de Torcy où, parallèlement à l’enseignement du piano et de la formation musicale des jeunes élèves, elle crée une chorale qui prendra le nom : »Ensemble Vocal Romantica ».</p>
<p>Sous sa baguette et avec la fidèle complicité de Chantal Riou au piano,(premier prix de piano au CNSM de Paris, Grand Prix au concours Marguerite Long-Jacques Thibaud)le choeur va se produire régulièrement en concert avec un répertoire classique varié de choeurs d’Opéra, le Cantique de Jean Racine et le Requiem de Fauré, la Missa brevis (KV 194) de Mozart, la petite messe solenelle de Rossini, et des opérettes : Véronique, La Belle Hélène et La Vie Parisienne.</p>
<p>En septembre 2006 elle confie la direction à John Dawkins qui prend le relais pour une nouvelle aventure.</p>
<p>Sous sa baguette et avec le concours de Mélo’Men et du Rainbow Symphony Orchestra le choeur exécute le Psalmus Hungaricus de Zoltan Kodaly à l’oratoire du Louvre à Paris et à l’espace Lino Ventura de Torcy en juin 2007.</p>
<p>En septembre 2015 Sylvain Lamesch nous rejoint pour prendre la direction du choeur.</p>
<p><strong>Sylvain LAMESCH, notre chef de chœur depuis septembre 2015 :<br />
</strong></p>
<p><img loading="lazy" decoding="async" class="size-medium wp-image-967 alignleft" src="http://www.ensemble-romantica.net/wp-content/uploads/2017/11/Sylvain-Lamesh-254x300.jpg" alt="" width="254" height="300" srcset="https://www.ensemble-romantica.net/wp-content/uploads/2017/11/Sylvain-Lamesh-254x300.jpg 254w, https://www.ensemble-romantica.net/wp-content/uploads/2017/11/Sylvain-Lamesh.jpg 426w" sizes="auto, (max-width: 254px) 100vw, 254px" /></p>
<p>Sylvain débute ses études musicales dès l’âge de cinq ans et obtient son diplôme de fin d’études de guitare en 1997(classe de Jean Pierre Billet, conservatoire de Clermont Ferrand ). Parallèlement il chante à la maitrise de la ville et effectue de nombreuses tournées en Europe.</p>
<p>Il s’oriente d’abord vers des études scientifiques et soutient une thèse de doctorat sur l’acoustique de la voix (Laboratoire d’Acoustique Musicale, Univ. Paris 6).</p>
<p>C’est en 2009 qu’il entreprend des études de chant lyrique, avec  Robert Expert. Il obtient son Diplôme d’études musicales dans la classe de Delphine Collot, et se perfectionne actuellement auprès de Caroline Fèvre.</p>
<p>Il est soliste dans plusieurs cantates de Bach dans la <em>Passion selon St Mathieu</em> (ténor 2) et dans la Création de Haydn. En 2013, il donne le <em>Voyage d’Hiver</em> (Schubert) accompagné par Jean-Marc Pont Marchesi. Depuis 2009, il collabore avec l’abbaye de Sylvanès pour chanter des oratorios liturgiques d’André Gouzes. Sur scène, il a notamment joué le rôle du conseiller dans <em>San Giovanni Battista</em> (Stradella), de Torquemada dans <em>l’Heure Espagnole</em> (Ravel), de Pyrrhus dans <em>Andromaque</em> (Gretry) ainsi que du Prince Hérisson de Porc-Epic dans <em>l’Etoile</em> (Chabrier). En 2018, il chantera Tybalt dans Roméo et Juliette (Gounod).</p>
<p>Depuis son jeune âge Sylvain mène également une importante carrière de choriste sous la direction de   Jean-Philippe Sarcos , Léo Warynski, Ariel Alonso ,Jérôme Polack mais aussi Jean Sourisse, Lionel Sow, Ton Koopman.</p>
<p>En 2016, il obtient son diplôme de direction de chœur dans la classe d’Ariel Alonso, avec les félicitations du jury.</p>
<p>&nbsp;</p>

<p>L’Ensemble Vocal Romantica de Torcy a été fondé par Annie Savignol en 1982. C’est au conservatoire de Toulouse qu’elle fait ses études musicales. Passionnée de chant lyrique, elle sera elle-même chanteuse à l’Opéra de Lille et exercera ce métier durant&hellip; <br /><a class="read-more-button" href="https://www.ensemble-romantica.net/?page_id=19">Savoir plus</a></p>
